common factor of 16 and 3172941168?
16
What is the highest common factor of 3756 and 56706836?
1252
What is the greatest common divisor of 123168 and 324?
12
What is the greatest common divisor of 10 and 1104794?
2
Calculate the highest common divisor of 38 and 254769043.
19
Calculate the greatest common divisor of 12855667 and 7568.
473
Calculate the greatest common factor of 6118640 and 170000.
1360
Calculate the highest common factor of 2384824645 and 35.
35
What is the highest common divisor of 9009550 and 220?
110
What is the highest common divisor of 377539 and 3997173?
1693
What is the greatest common divisor of 21375 and 88787?
19
What is the highest common divisor of 1 and 9793504?
1
Calculate the greatest common divisor of 21669 and 4408851.
93
What is the greatest common divisor of 12985216 and 6183?
229
Calculate the greatest common divisor of 680 and 10199218.
34
Calculate the highest common factor of 230705283 and 51.
51
What is the highest common factor of 80001 and 28744063?
2963
What is the greatest common divisor of 213244 and 712?
356
What is the greatest common divisor of 60150876 and 24?
12
Calculate the greatest common divisor of 1467426 and 10746.
1194
What is the greatest common divisor of 416 and 5082208?
32
Calculate the greatest common divisor of 239056 and 4417184.
3568
Calculate the highest common factor of 111538 and 2241610.
434
Calculate the highest common factor of 474 and 921642.
6
What is the greatest common factor of 11794778 and 102?
2
What is the greatest common divisor of 1197 and 198072?
63
Calculate the greatest common factor of 708 and 129321156.
708
What is the greatest common divisor of 11113061 and 1073?
1073
What is the greatest common factor of 2468 and 164972?
4
What is the highest common divisor of 948 and 7990692?
948
What is the greatest common factor of 27768199 and 46?
23
What is the greatest common factor of 303348 and 80988?
204
What is the greatest common divisor of 44025 and 2772988?
587
Calculate the greatest common divisor of 289175 and 485.
5
Calculate the greatest common divisor of 155 and 435100531.
31
What is the greatest common factor of 839 and 51774690?
839
What is the greatest common factor of 3317 and 671491?
31
What is the greatest common factor of 3362526 and 1494018?
3942
Calculate the highest common factor of 24 and 1207072956.
12
What is the highest common factor of 1403 and 161467?
61
What is the greatest common factor of 9973492 and 8?
4
Calculate the highest common divisor of 102322344 and 24.
24
Calculate the highest common factor of 511 and 42418183.
73
Calculate the highest common factor of 230 and 13939860.
10
What is the greatest common factor of 73 and 10402500?
73
What is the greatest common factor of 20 and 2399338?
2
What is the highest common divisor of 1950 and 1742850?
150
What is the greatest common factor of 5 and 167309340?
5
Calculate the greatest common factor of 395184548 and 796.
796
Calculate the greatest common factor of 50 and 13535230.
10
What is the greatest common factor of 808 and 10888204?
404
What is the greatest common divisor of 344690 and 13730?
10
What is the greatest common factor of 304 and 11755927?
19
Calculate the greatest common factor of 4587132 and 36828.
4092
Calculate the greatest common divisor of 7596328 and 376.
376
What is the highest common divisor of 292848 and 348?
12
What is the greatest common divisor of 738752 and 110483?
1649
What is the highest common factor of 3660 and 28548915?
915
Calculate the greatest common divisor of 59 and 20676.
1
Calculate the highest common factor of 23061451 and 7.
7
What is the highest common divisor of 6951360 and 9552?
48
Calculate the greatest common factor of 60634 and 1341634.
854
Calculate the highest common factor of 22 and 440374176.
22
What is the highest common divisor of 86020 and 207889?
11
Calculate the greatest common divisor of 74830 and 108500.
70
What is the highest common factor of 15610 and 114331?
7
What is the greatest common factor of 2051050380 and 24?
12
Calculate the highest common divisor of 2 and 177711680.
2
Calculate the highest common divisor of 588 and 9213078.
294
What is the highest common factor of 14028199 and 159?
53
What is the highest common divisor of 1136 and 22393684?
284
Calculate the greatest common divisor of 6223 and 6272911.
127
Calculate the greatest common divisor of 13970788 and 1553.
1553
Calculate the highest common divisor of 39766392 and 38.
38
Calculate the highest common divisor of 2717 and 14067625.
143
Calculate the highest common factor of 64270 and 48610.
10
What is the highest common divisor of 525984 and 4512?
96
What is the highest common factor of 4994 and 10220221?
2497
What is the greatest common divisor of 5251 and 49914?
59
What is the highest common factor of 393 and 118213483?
131
What is the greatest common factor of 217224 and 1067156?
1724
Calculate the greatest common divisor of 104 and 1288534.
26
What is the greatest common factor of 3216 and 25968?
48
What is the greatest common divisor of 2828920 and 240?
40
What is the greatest common factor of 86258 and 31405936?
2006
What is the greatest common divisor of 3520 and 153604?
44
What is the greatest common divisor of 111596 and 38520028?
4852
Calculate the greatest common factor of 333355 and 16335.
605
What is the greatest common factor of 166 and 358510781?
83
Calculate the highest common factor of 426780 and 6570.
90
Calculate the greatest common divisor of 69600219 and 624.
39
Calculate the highest common divisor of 461069343 and 2727.
909
Calculate the highest common factor of 444 and 922582124.
148
What is the greatest common divisor of 5159175 and 85715?
1085
Calculate the highest common divisor of 560 and 22114064.
112
Calculate the highest common divisor of 711504 and 823608.
648
What is the greatest common divisor of 2752778 and 183218?
322
What is the greatest common factor of 12257811 and 328?
41
What is the greatest common divisor of 4071070 and 7578?
842
Calculate the highest common factor of 184 and 10148267.
23
Calculate the highest common factor of 32518 and 766019.
71
Calculate the greatest common factor of 25767752 and 1060.
212
What is the highest common divisor of 2352 and 25851?
21
Calculate the highest common factor of 48 and 397634.
2
Calculate the greatest common factor of 35359425 and 609447.
11499
Calculate the highest common divisor of 1683 and 1864089.
9
What is the highest common divisor of 160606 and 22794?
262
Calculate the highest common divisor of 564 and 364709613.
141
What is the greatest common factor of 553 and 2385985?
7
Calculate the highest common factor of 1143301 and 22236.
1853
What is the greatest common divisor of 511374 and 594?
6
What is the highest common factor of 70805 and 74341204?
2023
What is the highest common divisor of 90365 and 30231465?
2915
Calculate the highest common divisor of 257223 and 62829.
537
Calculate the greatest common divisor of 1010 and 55462390.
10
Calculate the highest common factor of 3558419160 and 3320.
3320
Calculate the greatest common divisor of 16689844 and 4331.
61
What is the greatest common factor of 5335671 and 9537?
561
What is the highest common divisor of 1380 and 2263365255?
345
What is the greatest common divisor of 38194 and 206338?
226
What is the greatest common factor of 3216537 and 216?
27
Calculate the highest common divisor of 97644 and 128.
4
Calculate the greatest common factor of 17702 and 176490.
106
What is the highest common divisor of 24900 and 4065900?
300
Calculate the highest common divisor of 688 and 5032634.
86
Calculate the highest common divisor of 23490257 and 3199.
3199
Calculate the highest common factor of 24 and 32053116.
12
What is the highest common factor of 77598220 and 910?
70
What is the highest common factor of 114209344 and 838?
838
Calculate the greatest common divisor of 86043 and 98900.
989
Calculate the greatest common factor of 8645 and 85435.
35
Calculate the greatest common factor of 2781 and 7866213.
309
What is the highest common divisor of 5204 and 236?
4
What is the greatest common factor of 13104 and 1583036?
364
What is the greatest common factor of 291 and 1823115?
291
Calculate the highest common divisor of 873 and 776